 d(j) = -7*j**3 + 5*j + 18. Let w(o) = 8*d(o) + 5*t(o). Calculate w(3).
-23
Let y(j) = 3*j + 9. Let a be y(-11). Let d be (-21)/(-12) + -2 + 114/a. Let g(x) = x**3 + 4*x**2 - 6*x - 1. Determine g(d).
4
Let r(t) = -4*t. Let j = -936 + 934. Calculate r(j).
8
Let t(q) = -q**2 - q - 1. Let d be t(-2). Let l(a) = -a**3 + 3*a. Calculate l(d).
18
Let q(t) = -3*t - 2*t**2 - 36 + 38 + t. Let g = 16 - 9. Suppose g - 1 = 3*z. Determine q(z).
-10
Let v(d) = 130 - 5*d + 2*d + d**2 - 127 - 2*d**3. Let x(u) = -6*u**3 + 3*u**2 - 8*u + 8. Let h(c) = 8*v(c) - 3*x(c). What is h(-1)?
-3
Suppose 5*v = 10*v. Let y(g) be the second derivative of g**3/6 + 8*g**2 - 21*g. Give y(v).
16
Let q(p) = 0*p + 4*p**2 - 2*p**2 + 5*p - 3*p**2. Suppose -4*k + 2*k = 2*a + 22, -4*a + 4*k - 60 = 0. Let x = -10 - a. Give q(x).
6
Let c(i) be the third derivative of i**6/120 + i**5/20 - 2*i**3/3 + 3*i**2 + 13. Determine c(-2).
0
Let l = -29 + 30. Let t(p) = 7 - l - 3 - p - 2. Give t(-7).
8
Suppose 4*w = -5*z + 22, 5*w - 11 = 2*z - 0. Let u(c) = -2*c + 3*c - c**z - 6 + 5 - c**3. Let k be u(0). Let j(y) = 7*y**2. Give j(k).
7
Let n(y) = y**2 + 12*y - 2. Let v = -56 - -44. Determine n(v).
-2
Let i(d) be the second derivative of -d**3/3 + 9*d**2/2 - 2*d - 15. Give i(7).
-5
Let r(c) be the first derivative of -c**2/2 + 2*c + 9. Let q be r(2). Let l(p) = p**2 - p - 2. What is l(q)?
-2
Let s(j) = -166*j - 1492. Let g be s(-9). Let v(i) be the second derivative of 0 + 1/3*i**3 - 5/2*i**g + 10*i. Determine v(-5).
-15
Let r(x) = 60 + 57 - 223 + 53 + 52 - 23*x**3. Determine r(1).
-24
Let g(t) = -1 + 0*t**3 - 3 - t**3. Suppose 0 = -179*s + 174*s + 75. Let b(n) = -n**3 + 16*n**2 - 14*n - 15. Let v be b(s). Give g(v).
-4
Let d(y) = -4*y + 9. Let w be d(-4). Let f = -22 + w. Let j(p) = p - 4 + f + 0*p. Determine j(-3).
-4
Let l(f) = -f**2 - 16*f - 58. Let k be l(-11). Let w(i) = i**2 - i + 2. Give w(k).
14
Suppose -4*a - 2 = 5*w, -3*a = 4*w + a + 4. Let k(u) = -15*u**2 + 4*u - 2. Give k(w).
-54
Let t(l) = -2*l + 4. Let n = -165 - -110. Let x = 61 + n. Calculate t(x).
-8
Let p(y) = 16*y**3 - 2*y - 1. Let n = 58 - 50. Suppose -5*m + n = -13*m. Calculate p(m).
-15
Suppose 0*m - 5*o = 4*m - 32, 4*m + 3*o - 24 = 0. Let v(p) = 2*p - 2. Determine v(m).
4
Let l(z) be the second derivative of z**5/120 + z**4/8 + 2*z**3/3 - 2*z. Let k(u) be the second derivative of l(u). Suppose 7 - 13 = 2*v. Determine k(v).
0
Let p(n) = 4*n**2 + 3*n**3 - 3*n + 5*n + 7 - 4*n**3. Let k = -22 - -27. Let f be k/15 - (-42)/9. Calculate p(f).
-8
Let k(r) be the third derivative of -r**4/24 + r**3/2 + r**2. Let n be (3 - 2/(-6)) + 304/(-228). Determine k(n).
1
Let l(s) = -s**3 - 2*s**2 + 7*s + 5. Let u(f) = -8*f - 10. Let q be u(-10). Suppose 3*o + 25 = q. Suppose -4*t - 21 = r, r + 2*r + o = 0. What is l(t)?
9
Let r be 30/9 + (-1)/3. Let v(b) be the second derivative of b**4/12 - 5*b**3/6 + b**2 - 3*b - 17. Give v(r).
-4
Let s(i) be the second derivative of -i**7/2520 - i**6/144 - i**5/40 + i**4/6 + 2*i. Let y(b) be the third derivative of s(b). What is y(-5)?
-3
Let a be (10 - 6)*-14*(-2)/8. Let t = a + -18. Let u(v) = v**2 + 5*v + 2. Calculate u(t).
-2
Let m(t) = t**2 + 10*t + 4. Let k be m(5). Let z = 87 - k. Let a(v) = v**2 - 8*v + 3. What is a(z)?
3
Let a(b) be the first derivative of -b**2 + 20 - b - 4*b + 4*b + 3*b. Give a(6).
-10
Let a(b) = -b**3 - 4*b**2 + 6. Let n(x) = 19*x + 73. Let d be n(-4). Determine a(d).
-3
Let p(u) = -u**2 + 5*u + 29*u - 35*u - 1. What is p(4)?
-21
Let u be 9/5*(-3 + (-57)/(-9)). Let y(v) = 8 - 4*v - u + 4. Calculate y(6).
-18
Let x(s) = -s**2 - 14*s - 42. Let w be 12*((-15)/(-30))/((-6)/4). What is x(w)?
-2
Let k(o) = o - 5*o**2 - 127 + 256 - 126 + o**3. Let m be -2*(1 - 6/2). Calculate k(m).
-9
Let a be (0 - 2/(-3)) + (-1)/(-3). Let z(u) = 3*u + a + 6 - 9 + u**2. What is z(-3)?
-2
Let i(q) be the first derivative of q**3/3 - q**2 + 13*q + 7. Let c(k) = -k**2 + k - 14. Let y(a) = 5*c(a) + 6*i(a). What is y(7)?
8
Let n(s) be the third derivative of s**5/60 + s**4/6 + 2*s**3/3 - 12*s**2. Let p = -1 - 3. Calculate n(p).
4
Let s(c) = -7*c**3 - c**2 + 9*c - 3. Let p(f) = 4*f**3 - 5*f + 2. Let a = 37 + -32. Let r(h) = a*p(h) + 3*s(h). Calculate r(-4).
9
Let s(t) = -2*t**2 + t - 1. Let x(w) = -11*w**2 + 16*w + 3. Let d(r) = 6*s(r) - x(r). Let z(c) = -c**2 + 2*c. Let m be z(4). Determine d(m).
7
Let b(w) be the second derivative of -w**3 - 3/2*w**2 + 22*w - 1/12*w**4 + 0. Suppose 6 = 5*v + 26. What is b(v)?
5
Let o(b) be the first derivative of b**5/60 - b**4/6 + b**3/2 + b**2 - 5. Let u(y) be the second derivative of o(y). Calculate u(3).
0
Let y(a) = a**3 + a**2 - a + 1. Let c(x) = 2*x**3 + 6*x**2 - 4*x + 2. Suppose 0 = 4*s - 23 + 67. Let z = s + 12. Let m(k) = z*c(k) - 3*y(k). Determine m(2).
1
Suppose 2*v + 2*u = -4, 5*v + 37*u = 33*u - 4. Let t(h) = 3*h**3 - 6*h**2 + h + 3. Let k(x) = x**3 - x**2 + x + 1. Let o(r) = -2*k(r) + t(r). Give o(v).
-3
Let n(t) be the first derivative of -t**5/120 + 7*t**4/24 + 2*t**3 - 22. Let y(m) be the third derivative of n(m). Determine y(10).
-3
Let d(n) = -6*n**2 + 1. Suppose -6*g - 5 = -17. Suppose p - 3*p - g = 0. Give d(p).
-5
Let t(w) be the third derivative of -w**5/30 - w**4/2 - w**3/3 - 301*w**2. Determine t(-6).
-2
Let n(y) = 7*y**2 + 15*y - 12. Let k(b) = -3*b**2 - 7*b + 5. Let o(j) = -9*k(j) - 4*n(j). What is o(4)?
-1
Let u be (-12)/(-3) + -4 + 1. Let o(c) = -7 + 4 + 1 + u - c. Let a = 5 - 10. What is o(a)?
4
Let s be -1 + 1 - (10 + -12). Let u(l) = 7*l**s - 6*l + 15 + 2*l**2 - 2*l**2. Let b(p) = p**2 + 1. Let r(q) = 6*b(q) - u(q). Determine r(6).
-9
Let x(h) = -h**2 - 6*h - 5. Let s = 58 + -40. Suppose -s = -6*g - 48. Calculate x(g).
0
Let z(x) be the second derivative of x**7/1260 - x**6/240 - 5*x**4/4 - 9*x. Let q(p) be the third derivative of z(p). Give q(3).
9
Let p(c) = 4*c + 1. Let i = 37 + -35. Let r be 33/7 + i/7. Let t(b) = 5*b + 1. Let f(x) = r*t(x) - 6*p(x). What is f(-6)?
-7
Let s(c) = 21*c**3 - c**2 - 4*c**2 + 6*c**2 - 13*c + 12*c. Give s(1).
21
Let o(y) = -3*y - 10*y - 4*y + y**2 + 0 + 15. Give o(15).
-15
Let w(x) = -x**3 - 14*x**2 - 23*x + 16. Let m be w(-12). Suppose -2*g + 3 = -5*g + 3*i, -20 = 4*g + m*i. Let p(s) = 2*s + 4. Give p(g).
-2
Let k(y) be the second derivative of 5*y**4/12 + y**3/6 + 5*y**2/2 + 21*y. Let x(g) = 11*g**2 + 2*g + 11. Let b(s) = 9*k(s) - 4*x(s). Determine b(-2).
3
Let x(w) = -w**2 - 4*w + 3. Suppose 16 + 4 = -4*z. Give x(z).
-2
Let d(f) = -f**2 + 3*f - 3. Let m be 0 - 3*1/(-3). What is d(m)?
-1
Suppose -2*q + 10 = 0, 0 = 2*l - 3*l + 4*q - 17. Let t be 0/2 + 6/1. Let w be 2 - 1 - t/l. Let o(n) = 12*n**2 - 2*n - 1. What is o(w)?
13
Let x(m) be the second derivative of -m**6/240 + m**5/40 - 9*m**4/4 + 12*m. Let j(u) be the third derivative of x(u). Suppose 15 = -w + 6*w. Calculate j(w).
-6
Let i(r) = 10*r**2 - 1. Let y(c) = 0*c + 14*c**2 - 13*c**2 - c + 2*c**3 - c**3. Let g be y(1). Determine i(g).
9
Let n(b) be the third derivative of -b**5/60 + b**4/8 + b**3/2 + 3*b**2 - 13. Calculate n(-2).
-7
Let n be -1*1/(-4) + (-56)/(-32). Let s(l) = l**n - 5*l - 3 - 7*l + 0*l + 7*l. Give s(3).
-9
Let f(k) = -k - 2. Let h(x) = 25. Let g(d) = 3*f(d) - h(d). Give g(-9).
-4
Let u(y) = 4*y**3 - 5*y**2 + 6*y + 1. Let o(k) = k**2 + 5*k - 5. Let j be o(0). Let w(s) = s**2 - s. Let m = 0 - 1. Let r(z) = j*w(z) + m*u(z). What is r(-1)?
4
Let n(f) be the first derivative of -f**4/4 + 4*f**3/3 + 2*f**2 - 3*f + 29. Determine n(4).
13
Let s(x) = 7*x + 23. Let l(a) = 3*a + 10. Let f(h) = -9*l(h) + 4*s(h). Give f(0).
2
Let v(x) = x - 20. Let n(k) = -5*k + 59. Let r(f) = -2*n(f) - 7*v(f). What is r(-9)?
-5
Let r(l) be the second derivative of 0 + 11/20*l**5 + 0*l**4 + 1/2*l**2 + 0*l**3 + 24*l. Determine r(-1).
-10
Suppose -d = 7*d + 40. Let h(t) = t**2 + 4*t + 7. What is h(d)?
12
Let w = 2 + 9. Suppose -3*u - m + 0*m - 44 = 0, 4*m + w = -u. Let h be -11 + 3/(u/(-20)). Let g(s) = s**3 + 7*s**2 + 3. Calculate g(h).
3
Let u = 263 + -258. Let n(r) = r**3 - 4*r**2 - r - 6. Calculate n(u).
14
Let s be 4 + 15/(105/(-49)). Let i(b) = -b**3 - 1 + b**2 + 5 + 2*b**2 - 6*b**2. Determine i(s).
4
Let m(u) = u + 5. Let i(t) = 4*t + 9. Let b(z) = 5*z + 8. Let h(r) = -3*b(r) + 4*i(r). Let a be h(-15). Let f be 6/(a + (-8)/(-4)). Determine m(f).
-1
Let d 